5) in base 2?
11011110111111000
What is -1645114 (base 7) in base 12?
-b103a
Convert -46edb7 (base 16) to base 6.
-243344131
Convert -504804 (base 10) to base 12.
-204170
Convert -1410210 (base 10) to base 12.
-580116
What is 422a0 (base 12) in base 16?
15318
Convert -25301d (base 16) to base 3.
-11120211010210
4153011 (base 6) to base 13
70969
-3043123 (base 6) to base 16
-239bb
-1254545 (base 6) to base 13
-259a3
Convert 101100011010100010 (base 2) to base 15.
38d82
What is 10121320223 (base 4) in base 3?
2011122211002
What is -111330140 (base 5) in base 9?
-834834
11011100210 (base 3) to base 2
10011111111111000
What is -5231101 (base 6) in base 8?
-756055
61105456 (base 7) to base 3
100112222020201
Convert -10870a3 (base 11) to base 4.
-13033122013
-2a943a (base 12) to base 15
-e3a4d
What is 21972 (base 15) in base 13?
39791
What is -1312000212 (base 4) in base 15?
-98346
What is -47ab20 (base 12) in base 3?
-2011220100120
Convert -7283 (base 14) to base 16.
-4d03
What is 100323102112 (base 4) in base 13?
bc4838
What is 323ab2 (base 12) in base 10?
794726
-121201111022 (base 3) to base 9
-551438
What is 1da17 (base 15) in base 9?
156664
What is -221202012011 (base 3) in base 11?
-316842
What is 1a54513 (base 13) in base 2?
100001001010000111100001
Convert -15380 (base 15) to base 13.
-25116
Convert 26808 (base 14) to base 5.
11013442
What is -101011000 (base 3) in base 8?
-16346
Convert -2c13153 (base 13) to base 11.
-7a90a98
What is 172381a (base 11) in base 16?
2cc1be
Convert 6071740 (base 8) to base 12.
653480
Convert -122333 (base 4) to base 12.
-bbb
What is -128390 (base 11) in base 4?
-301023203
Convert 581714 (base 9) to base 11.
219271
What is -503013 (base 6) in base 9?
-60210
12513543 (base 7) to base 14
21bbca
Convert 450222 (base 6) to base 5.
2201140
-1101110101100110110011 (base 2) to base 7
-42555431
332795 (base 13) to base 11
753592
Convert b8ad (base 14) to base 16.
7ca1
What is -1677972 (base 11) in base 5?
-1212211324
-13231300130 (base 4) to base 5
-1004204203
Convert 388c0 (base 15) to base 12.
887b3
What is -321111331 (base 4) in base 11?
-150515
Convert -221012210202 (base 3) to base 7.
-4134650
What is 21656404 (base 7) in base 10?
1879840
-132132313 (base 4) to base 12
-60307
Convert -2211020122 (base 3) to base 10.
-55583
Convert -20432340 (base 5) to base 13.
-5ca87
-40606c (base 16) to base 9
-7840324
Convert 3235216 (base 7) to base 9.
662574
What is -2010200001 (base 3) in base 9?
-63601
3653450 (base 7) to base 13
134783
What is -77911 (base 11) in base 15?
-236c0
Convert -1100100101000000100101 (base 2) to base 6.
-154401205
2102310203 (base 4) to base 11
380909
Convert -62004425 (base 7) to base 4.
-103300030133
Convert 321212102121 (base 4) to base 6.
1255342533
Convert 61066621 (base 7) to base 12.
1849394
What is 323185 (base 9) in base 5?
22130424
-112222200211 (base 3) to base 2
-1001000000001110000
Convert -8d24 (base 14) to base 7.
-131344
What is 5635722 (base 8) in base 4?
11303233102
20122222020 (base 3) to base 7
1054335
What is -2476cb (base 13) in base 15?
-123bb0
What is 111131531 (base 7) in base 9?
13587588
Convert -461651 (base 9) to base 10.
-276823
What is -10210102022120 (base 3) in base 4?
-13230022230
What is bbc27 (base 13) in base 9?
567841
Convert -11146726 (base 8) to base 3.
-11112112121222
-184b7 (base 14) to base 5
-3430223
Convert 5305500 (base 7) to base 11.
3a8348
Convert -1010011000011110110000 (base 2) to base 3.
-12010021111011
b8ad (base 15) to base 2
1001100010110000
-bb4 (base 12) to base 9
-2321
What is -93898 (base 10) in base 6?
-2002414
Convert a80990 (base 12) to base 10.
2655612
Convert -10000000110101100110000 (base 2) to base 4.
-100012230300
505607 (base 8) to base 7
1263162
111722 (base 14) to base 13
174231
-1303623 (base 10) to base 13
-368499
-c9dbd (base 14) to base 6
-14245043
-101101100000100011 (base 2) to base 8
-554043
Convert 101101111212211 (base 3) to base 2.
10101000011111111010000
-692522 (base 16) to base 11
-3987171
What is -aa05 (base 12) in base 9?
-27615
-3633d2 (base 15) to base 5
-1130432442
What is 2c20b13 (base 13) in base 4?
312003001003
Convert -6a99321 (base 11) to base 3.
-212022011200001
-2022312112 (base 5) to base 3
-21201111200012
What is 124c25 (base 14) in base 2?
10011001010100110001
Convert -20121121110021 (base 3) to base 13.
-961225
-6b08b (base 12) to base 4
-203002223
Convert 441589 (base 10) to base 12.
193671
230133344 (base 5) to base 16
f94ab
Convert 110101100010111010011 (base 2) to base 5.
422121304
Convert 1353112250 (base 6) to base 10.
16665798
1320121300 (base 4) to base 11
307585
Convert 32845 (base 9) to base 13.
9c23
Convert 10300001033 (base 4) to base 6.
42405035
Convert 1107195 (base 13) to base 15.
6cec4c
Convert -405522 (base 8) to base 12.
-65642
What is 48a66 (base 15) in base 13?
816b4
Convert 45513513 (base 7) to base 13.
a900c2
What is -2120000 (base 3) in base 8?
-3507
Convert 1101101010000110100 (base 2) to base 4.
1231100310
What is -2242062 (base 10) in base 4?
-20203120032
Convert a00568 (base 12) to base 6.
125203412
What is -13222033330 (base 4) in base 13?
-554002
-1c4774 (base 13) to base 4
-2300301323
121112212210 (base 3) to base 16
4f890
Convert 1100110101100001000001 (base 2) to base 14.
638401
Convert 59a51 (base 16) to base 5.
43222220
8545 (base 13) to base 6
221314
2224244 (base 5) to base 12
1a910
What is 231552321 (base 6) in base 14?
7d9dd7
Convert 1122323140 (base 5) to base 11.
1487078
bb9356 (base 12) to base 4
23113312302
What is -3115350 (base 6) in base 2?
-100100101011110010
-15737835 (base 9) to base 14
-10914c7
-4a65935 (base 11) to base 7
-134506524
What is -120122212021 (base 3) in base 14?
-804b0
3d4e9 (base 15) to base 13
6b7ba
144ca (base 13) to base 6
452451
What is 3205511 (base 6) in base 16?
26473
-11020101121111 (base 3) to base 12
-907011
What is 103978 (base 12) in base 11?
164986
What is -2009051 (base 10) in base 5?
-1003242201
-3265a (base 12) to base 15
-14aed
What is 111211333022 (base 4) in base 14?
a74c9c
Convert 2536346 (base 7) to base 11.
205017
10025445 (base 6) to base 2
1000101010010000101
What is -255353125 (base 6) in base 13?
-106b218
What is 1203312100 (base 4) in base 16?
63d90
-426b5 (base 13) to base 8
-351770
What is -66cc8b (base 15) in base 11?
-2849a44
Convert -59e0f (base 16) to base 8.
-1317017
Convert 3104540 (base 6) to base 7.
1156566
What is 110121101 (base 3) in base 5?
243230
Convert 36b955 (base 12) to base 3.
1200021121102
-1357642 (base 9) to base 6
-24002232
419a01 (base 12) to base 7
11531554
Convert 3721674 (base 8) to base 12.
415190
-288c07 (base 15) to base 2
-111011100111010110001
Convert 6a15ab (base 15) to base 4.
103111012121
What is -10203044 (base 5) in base 3?
-11022021210
Convert -192722 (base 10) to base 6.
-4044122
2141002423 (base 5) to base 11
267a116
What is 277436 (base 9) in base 14?
45aa1
25288 (base 10) to base 16
62c8
10230113301 (base 4) to base 2
100101100010111110001
1533732 (base 8) to base 6
13234202
1aa89 (base 14) to base 13
24bcc
-1334050 (base 7) to base 3
-22222100201
Convert -f8c488 (base 16) to base 7.
-255401212
Convert -133880 (base 13) to base 7.
-3644516
-2002210 (base 3) to base 13
-90c
What is 121122201212 (base 3) in base 16?
500b1
123050 (base 8) to base 6
524532
Convert -11acee (base 16) to base 12.
-47a43a
What is 4887701 (base 9) in base 3?
11222221210001
Convert -183016 (base 11) to base 12.
-117379
Convert -28506 (base 16) to base 2.
-101000010100000110
What is -2d8904 (base 16) in base 6?
-143543420
Convert 4160855 (base 9) to base 15.
2de352
215667 (base 10) to base 13
7721a
What is 10d24d (base 16) in base 8?
4151115
What is 4125a5 (base 13) in base 16?
172e03
What is b603 (base 13) in base 9?
37482
What is -2172027 (base 12) in base 2?
-11000010011000010011111
Convert 2136208 (base 9) to base 13.
311900
-1112000201010 (base 3) to base 6
-25150303
Convert -314405113 (base 6) to base 10.
-5537637
Convert -21201112120 (base 3) to base 2.
-100101000111011001
What is -1031403 (base 5) in base 15?
-53bd
What is 78496b (base 12) in base 7?
22200005
Convert 1000212302 (base 4) to base 12.
109182
1892e (base 16) to base 3
12010001221
What is -115001 (base 11) in base 8?
-5441